-1221 (base 5) to base 2
-10111010
-2d (base 14) to base 3
-1112
Convert 130 (base 4) to base 2.
11100
What is 1 (base 13) in base 11?
1
Convert -13 (base 8) to base 6.
-15
Convert -3 (base 9) to base 13.
-3
32 (base 7) to base 14
19
-5 (base 13) to base 14
-5
Convert 134 (base 6) to base 11.
53
Convert 0 (base 10) to base 2.
0
-1 (base 8) to base 16
-1
What is -47 (base 8) in base 14?
-2b
-17a (base 15) to base 2
-101010100
88 (base 9) to base 4
1100
-11200 (base 3) to base 10
-126
-2 (base 7) to base 16
-2
What is 4 (base 8) in base 15?
4
What is 8 (base 16) in base 3?
22
-1 (base 5) to base 12
-1
What is -4 (base 15) in base 7?
-4
Convert -119 (base 10) to base 11.
-a9
-11 (base 10) to base 13
-b
What is -1 (base 4) in base 8?
-1
What is -5a (base 12) in base 13?
-55
Convert 6 (base 16) to base 4.
12
Convert 3 (base 11) to base 6.
3
What is -a0 (base 13) in base 8?
-202
Convert -51 (base 9) to base 11.
-42
-101 (base 2) to base 3
-12
Convert 181 (base 13) to base 2.
100010010
Convert -4a (base 16) to base 12.
-62
Convert 16 (base 10) to base 5.
31
Convert 10001010 (base 2) to base 5.
1023
What is 61 (base 10) in base 3?
2021
What is -20 (base 6) in base 16?
-c
8 (base 9) to base 16
8
Convert 10 (base 11) to base 10.
11
-57 (base 12) to base 11
-61
What is 11 (base 14) in base 7?
21
What is -1 (base 3) in base 7?
-1
What is -1101010 (base 2) in base 3?
-10221
-101 (base 3) to base 6
-14
Convert 24 (base 9) to base 7.
31
-101001 (base 2) to base 3
-1112
5 (base 11) to base 12
5
-31 (base 7) to base 13
-19
Convert -5 (base 16) to base 10.
-5
What is 15 (base 10) in base 4?
33
What is a6 (base 12) in base 7?
240
1011 (base 2) to base 6
15
What is -6f (base 16) in base 6?
-303
What is -20 (base 8) in base 11?
-15
4 (base 11) to base 15
4
2020 (base 3) to base 16
3c
33 (base 10) to base 7
45
3 (base 5) to base 7
3
Convert -1 (base 15) to base 11.
-1
-39 (base 12) to base 7
-63
What is -101 (base 2) in base 9?
-5
What is -267 (base 9) in base 15?
-ed
Convert -1 (base 2) to base 5.
-1
Convert -2 (base 7) to base 11.
-2
Convert 1 (base 14) to base 11.
1
What is -100 (base 2) in base 14?
-4
What is -67 (base 8) in base 7?
-106
0 (base 2) to base 13
0
What is -2 (base 8) in base 11?
-2
Convert 4 (base 10) to base 15.
4
111001 (base 2) to base 4
321
-20 (base 16) to base 13
-26
1101 (base 2) to base 16
d
Convert -7 (base 13) to base 3.
-21
-101 (base 2) to base 4
-11
What is -1101 (base 2) in base 6?
-21
What is 0 (base 2) in base 10?
0
2011 (base 3) to base 2
111010
What is 20 (base 7) in base 10?
14
22 (base 16) to base 7
46
What is 6 (base 15) in base 11?
6
Convert 211 (base 5) to base 16.
38
Convert 3 (base 14) to base 7.
3
What is -1 (base 14) in base 9?
-1
-3 (base 6) to base 7
-3
What is 0 (base 7) in base 2?
0
What is -12 (base 5) in base 8?
-7
Convert 320 (base 4) to base 13.
44
-332 (base 5) to base 4
-1130
22 (base 13) to base 4
130
Convert 14 (base 13) to base 16.
11
Convert -39 (base 12) to base 5.
-140
Convert 5 (base 10) to base 13.
5
Convert -a6 (base 15) to base 13.
-c0
Convert -9 (base 16) to base 10.
-9
What is -16 (base 14) in base 15?
-15
Convert 101 (base 2) to base 16.
5
-4 (base 16) to base 6
-4
What is -4 (base 15) in base 9?
-4
-46 (base 15) to base 10
-66
Convert -7 (base 16) to base 9.
-7
What is 2 (base 4) in base 10?
2
Convert 372 (base 10) to base 8.
564
-6 (base 8) to base 6
-10
Convert 2022 (base 3) to base 13.
4a
What is 3 (base 16) in base 13?
3
-5c (base 16) to base 5
-332
Convert 2 (base 4) to base 14.
2
6 (base 11) to base 13
6
Convert -13 (base 9) to base 13.
-c
Convert -3 (base 12) to base 15.
-3
What is 3 (base 15) in base 7?
3
5 (base 13) to base 5
10
-130 (base 10) to base 11
-109
What is -67 (base 10) in base 6?
-151
96 (base 10) to base 8
140
Convert 2 (base 9) to base 7.
2
Convert -10 (base 6) to base 14.
-6
What is 0 (base 6) in base 16?
0
Convert 17 (base 11) to base 10.
18
What is 47 (base 11) in base 8?
63
What is 0 (base 4) in base 12?
0
-1011000 (base 2) to base 14
-64
-16 (base 7) to base 13
-10
33 (base 4) to base 14
11
37 (base 15) to base 2
110100
Convert -10122 (base 3) to base 10.
-98
-1 (base 12) to base 16
-1
-2a (base 12) to base 10
-34
Convert 140 (base 9) to base 11.
a7
-112 (base 3) to base 4
-32
What is 2 (base 16) in base 2?
10
Convert 11 (base 11) to base 5.
22
3 (base 7) to base 4
3
Convert -3 (base 10) to base 9.
-3
What is 30 (base 6) in base 14?
14
-4 (base 11) to base 7
-4
What is -2 (base 6) in base 2?
-10
-1010 (base 2) to base 4
-22
What is -16 (base 8) in base 15?
-e
What is 51 (base 11) in base 8?
70
-101 (base 2) to base 4
-11
-3 (base 9) to base 15
-3
2 (base 8) to base 13
2
Convert -2 (base 9) to base 14.
-2
11 (base 8) to base 15
9
Convert -2 (base 15) to base 6.
-2
-1323 (base 4) to base 8
-173
Convert 1 (base 7) to base 4.
1
0 (base 10) to base 3
0
-2 (base 4) to base 12
-2
-1001101 (base 2) to base 4
-1031
1 (base 6) to base 13
1
What is -103 (base 8) in base 14?
-4b
What is -11 (base 13) in base 12?
-12
What is 222 (base 9) in base 2?
10110110
Convert 0 (base 15) to base 8.
0
What is 110 (base 4) in base 7?
26
What is -15 (base 13) in base 8?
-22
What is 5 (base 8) in base 14?
5
What is 17f (base 16) in base 10?
383
-1 (base 6) to base 5
-1
What is 79 (base 15) in base 11?
a4
Convert -34 (base 14) to base 4.
-232
What is 98 (base 13) in base 15?
85
-4 (base 10) to base 12
-4
21 (base 9) to base 13
16
Convert -2 (base 9) to base 13.
-2
What is -4 (base 7) in base 16?
-4
What is 2201 (base 3) in base 4?
1021
Convert -c (base 14) to base 3.
-110
-18 (base 16) to base 9
-26
What is -7 (base 16) in base 4?
-13
What is -3 (base 12) in base 14?
-3
-313 (base 8) to base 6
-535
What is -76 (base 15) in base 11?
-a1
0 (base 2) to base 7
0
What is -25 (base 7) in base 13?
-16
What is 5 (base 7) in base 16?
5
10 (base 5) to base 10
5
Convert 6 (base 8) to base 9.
6
What is 2 (base 12) in base 2?
10
What is 1 (base 4) in base 15?
1
What is 1010 (base 2) in base 15?
a
What is -1101 (base 2) in base 9?
-14
45 (base 15) to base 16
41
Convert 202 (base 4) to base 2.
100010
Convert 23 (base 11) to base 10.
25
Convert 111 (base 5) to base 10.
31
-125 (base 9) to base 5
-404
Convert -10 (base 4) to base 12.
-4
What is 16 (base 11) in base 9?
18
Convert 13 (base 9) to base 4.
30
6 (base 13) to base 4
12
Convert 14 (base 13) to base 10.
17
Convert 4 (base 6) to base 2.
100
What is 1 (base 9) in base 11?
1
-3 (base 4) to base 5
-3
What is 100 (base 7) in base 5?
144
Convert a (base 13) to base 16.
a
Convert -1 (base 2) to base 11.
-1
Convert -8 (base 14) to base 7.
-11
What is 3 (base 16) in base 9?
3
What is 12 (base 12) in base 14?
10
103 (base 6) to base 7
54
0 (base 8) to base 16
0
Convert 6 (base 11) to base 8.
6
Convert -7 (base 15) to base 7.
-10
-11 (base 3) to base 6
-4
2 (base 5) to base 4
2
What is 4 (base 11) in base 16?
4
What is -11202 (base 4) in base 9?
-433
What is -45 (base 11) in base 2?
-110001
-2 (base 13) to base 11
-2
Convert -6 (base 11) to base 10.
-6
What is 120 (base 3) in base 2?
1111
Convert 112 (base 5) to base 4.
200
Convert 24 (base 6) to base 15.
11
11002 (base 3) to base 13
86
-32 (base 10) to base 12
-28
Convert -2 (base 10) to base 9.
-2
Convert -3 (base 13) to base 15.
-3
What is 31 (base 10) in base 13?
25
What is -522 (base 6) in base 2?
-11000010
Convert 0 (base 11) to base 13.
0
What is -1001 (base 2) in base 15?
-9
What is 11 (base 13) in base 6?
22
What is -11 (base 2) in base 7?
-3
What is -3 (base 9) in base 3?
-10
Convert 2 (base 4) to base 12.
2
What is 2 (base 14) in base 16?
2
What is -4 (base 5) in base 7?
-4
Convert 1320 (base 4) to base 3.
11110
Convert -4 (base 6) to base 14.
-4
What is -48 (base 16) in base 2?
-1001000
Convert -342 (base 6) to base 10.
-134
-55 (base 12) to base 10
-65
What is 11 (base 14) in base 10?
15
Convert -4b (base 13) to base 5.
-223
What is -20 (base 7) in base 2?
-1110
Convert -14 (base 11) to base 15.
-10
What is -15 (base 11) in base 13?
-13
-c5 (base 15) to base 12
-135
Convert 2 (base 13) to base 11.
2
-6 (base 13) to base 15
-6
Convert 127 (base 10) to base 13.
9a
What is -1011 (base 4) in base 2?
-1000101
Convert -2 (base 5) to base 6.
-2
What is 27 (base 8) in base 2?
10111
-8b (base 12) to base 13
-